604?
0
What is the thousands digit of 955554?
5
What is the ten thousands digit of 297027?
9
What is the units digit of 10675122?
2
What is the ten thousands digit of 502054?
0
What is the hundreds digit of 689945?
9
What is the hundreds digit of 431934?
9
What is the hundreds digit of 127631?
6
What is the tens digit of 2578244?
4
What is the units digit of 211386?
6
What is the units digit of 11008801?
1
What is the units digit of 5625323?
3
What is the ten thousands digit of 1499286?
9
What is the units digit of 200179?
9
What is the units digit of 385432?
2
What is the tens digit of 596660?
6
What is the tens digit of 4087395?
9
What is the ten thousands digit of 1388219?
8
What is the hundreds digit of 503436?
4
What is the hundred thousands digit of 384873?
3
What is the units digit of 8952728?
8
What is the millions digit of 1756747?
1
What is the millions digit of 6073606?
6
What is the ten thousands digit of 14858411?
5
What is the units digit of 1638661?
1
What is the thousands digit of 46937?
6
What is the hundreds digit of 626819?
8
What is the thousands digit of 275883?
5
What is the hundred thousands digit of 2233218?
2
What is the hundred thousands digit of 251788?
2
What is the thousands digit of 373174?
3
What is the units digit of 89810?
0
What is the tens digit of 401130?
3
What is the hundreds digit of 7913868?
8
What is the hundred thousands digit of 1933148?
9
What is the ten thousands digit of 30281?
3
What is the units digit of 1205278?
8
What is the ten thousands digit of 6888134?
8
What is the hundred thousands digit of 2643004?
6
What is the tens digit of 4807?
0
What is the units digit of 1987988?
8
What is the units digit of 709776?
6
What is the millions digit of 15102375?
5
What is the hundred thousands digit of 7694667?
6
What is the ten millions digit of 34697169?
3
What is the hundred thousands digit of 8952718?
9
What is the hundreds digit of 507931?
9
What is the ten millions digit of 25651505?
2
What is the ten thousands digit of 163395?
6
What is the thousands digit of 5702?
5
What is the hundred thousands digit of 317668?
3
What is the tens digit of 132750?
5
What is the hundreds digit of 6912780?
7
What is the hundred thousands digit of 4699968?
6
What is the units digit of 22697520?
0
What is the hundred thousands digit of 1354814?
3
What is the hundreds digit of 1230475?
4
What is the thousands digit of 38598?
8
What is the millions digit of 3766194?
3
What is the hundreds digit of 189704?
7
What is the thousands digit of 2387950?
7
What is the hundreds digit of 4245599?
5
What is the hundred thousands digit of 135877?
1
What is the hundred thousands digit of 5265247?
2
What is the tens digit of 308765?
6
What is the tens digit of 4051478?
7
What is the hundred thousands digit of 748334?
7
What is the hundreds digit of 33524?
5
What is the hundred thousands digit of 1134757?
1
What is the hundred thousands digit of 7425317?
4
What is the hundreds digit of 1106791?
7
What is the units digit of 9296150?
0
What is the units digit of 2838665?
5
What is the units digit of 283116?
6
What is the units digit of 22663?
3
What is the units digit of 35991?
1
What is the thousands digit of 91423?
1
What is the hundred thousands digit of 34513927?
5
What is the hundreds digit of 225985?
9
What is the ten thousands digit of 3322496?
2
What is the units digit of 321829?
9
What is the tens digit of 1244112?
1
What is the units digit of 128811?
1
What is the units digit of 2335912?
2
What is the tens digit of 124216?
1
What is the ten millions digit of 30204133?
3
What is the thousands digit of 153549?
3
What is the hundreds digit of 263052?
0
What is the tens digit of 55485?
8
What is the hundreds digit of 2507806?
8
What is the thousands digit of 124227?
4
What is the tens digit of 521894?
9
What is the thousands digit of 75285?
5
What is the hundred thousands digit of 297979?
2
What is the hundred thousands digit of 925562?
9
What is the tens digit of 309802?
0
What is the ten millions digit of 10195500?
1
What is the hundred thousands digit of 348492?
3
What is the thousands digit of 694473?
4
What is the thousands digit of 797222?
7
What is the ten thousands digit of 4536864?
3
What is the tens digit of 20417662?
6
What is the thousands digit of 248109?
8
What is the thousands digit of 9014494?
4
What is the ten thousands digit of 359780?
5
What is the hundreds digit of 198001?
0
What is the units digit of 2543503?
3
What is the hundred thousands digit of 1340950?
3
What is the units digit of 1123237?
7
What is the ten thousands digit of 1210379?
1
What is the thousands digit of 1014827?
4
What is the ten thousands digit of 32457074?
5
What is the hundred thousands digit of 158764?
1
What is the thousands digit of 12848165?
8
What is the hundreds digit of 5879112?
1
What is the units digit of 455772?
2
What is the tens digit of 573168?
6
What is the ten thousands digit of 746230?
4
What is the units digit of 231753?
3
What is the millions digit of 4227012?
4
What is the hundred thousands digit of 4212131?
2
What is the units digit of 205521?
1
What is the hundreds digit of 330716?
7
What is the tens digit of 78146?
4
What is the ten thousands digit of 2905897?
0
What is the ten millions digit of 11815291?
1
What is the tens digit of 7414292?
9
What is the hundred thousands digit of 5896594?
8
What is the hundreds digit of 5370959?
9
What is the tens digit of 270683?
8
What is the hundreds digit of 1622831?
8
What is the thousands digit of 5879317?
9
What is the ten thousands digit of 2377677?
7
What is the units digit of 4399933?
3
What is the ten thousands digit of 60817?
6
What is the ten thousands digit of 2381635?
8
What is the millions digit of 1374052?
1
What is the thousands digit of 103325?
3
What is the thousands digit of 338333?
8
What is the hundred thousands digit of 1873357?
8
What is the hundred thousands digit of 544279?
5
What is the ten thousands digit of 4110795?
1
What is the hundred thousands digit of 186971?
1
What is the units digit of 1438954?
4
What is the units digit of 566802?
2
What is the ten thousands digit of 92361?
9
What is the ten thousands digit of 7617305?
1
What is the ten thousands digit of 23037?
2
What is the tens digit of 89553?
5
What is the thousands digit of 474514?
4
What is the units digit of 5012580?
0
What is the units digit of 20028371?
1
What is the thousands digit of 4947278?
7
What is the thousands digit of 167272?
7
What is the hundreds digit of 146583?
5
What is the millions digit of 9314737?
9
What is the tens digit of 5028519?
1
What is the hundreds digit of 473588?
5
What is the units digit of 18462674?
4
What is the thousands digit of 427567?
7
What is the thousands digit of 500695?
0
What is the thousands digit of 2036?
2
What is the tens digit of 913560?
6
What is the hundreds digit of 233394?
3
What is the ten thousands digit of 170373?
7
What is the tens digit of 324378?
7
What is the ten thousands digit of 38292?
3
What is the tens digit of 252295?
9
What is the tens digit of 57720?
2
What is the millions digit of 2346082?
2
What is the millions digit of 3470559?
3
What is the thousands digit of 34911?
4
What is the ten thousands digit of 11913078?
1
What is the units digit of 163633?
3
What is the hundred thousands digit of 2826287?
8
What is the ten thousands digit of 16258996?
5
What is the thousands digit of 289570?
9
What is the ten thousands digit of 94501?
9
What is the hundreds digit of 26967?
9
What is the thousands digit of 4043058?
3
What is the hundred thousands digit of 636268?
6
What is the thousands digit of 1995376?
5
What is the ten thousands digit of 229863?
2
What is the tens digit of 631887?
8
What is the millions digit of 1398252?
1
What is the millions digit of 15274610?
5
What is the hundred thousands digit of 11612534?
6
What is the units digit of 189389?
9
What is the thousands digit of 287151?
7
What is the units digit of 58788?
8
What is the ten thousands digit of 661560?
6
What is the ten thousands digit of 1714717?
1
What is the ten thousands digit of 1481277?
8
What is the hundreds digit of 8741557?
5
What is the tens digit of 302752?
5
What is the hundreds digit of 82278?
2
What is the tens digit of 12586526?
2
What i